{"id":135,"date":"2019-06-08T22:11:37","date_gmt":"2019-06-08T19:11:37","guid":{"rendered":"http:\/\/juhani.iki.fi\/euroopan-halki-2019\/?page_id=135"},"modified":"2021-10-18T14:26:25","modified_gmt":"2021-10-18T11:26:25","slug":"etusivu","status":"publish","type":"page","link":"https:\/\/juhani.iki.fi\/euroopan-halki-2019\/","title":{"rendered":"Anttiloiden Grand Tour"},"content":{"rendered":"\n<p>Matkustimme kes\u00e4ll\u00e4 2019 maata pitkin \u2013 eli junalla ja <a href=\"http:\/\/juhani.iki.fi\/euroopan-halki-2019\/miksi-junalla\/#vertailut\">v\u00e4h\u00e4n my\u00f6s laivalla<\/a> \u2013 Tampereelta Etel\u00e4-Portugaliin ja takaisin. Se oli oikein mukavaa! Matkassa oli nelihenkinen perhe, jonka lapset olivat tuolloin 11- ja 13-vuotiaita. Pys\u00e4hdyimme matkan varrella Saksaan nelj\u00e4ksi y\u00f6ksi ja matkan \u00e4\u00e4rip\u00e4\u00e4ss\u00e4 Portugalissa olimme yhteens\u00e4 viikon. Kaikkiaan olimme reissussa kolme viikkoa. <\/p>\n\n\n\n<div class=\"wp-block-image varjostettu\"><figure class=\"alignright\"><a href=\"http:\/\/juhani.iki.fi\/euroopan-halki-2019\/wp-content\/uploads\/2019\/05\/reittiehdotus.png\"><img decoding=\"async\" loading=\"lazy\" width=\"216\" height=\"300\" src=\"http:\/\/juhani.iki.fi\/euroopan-halki-2019\/wp-content\/uploads\/2019\/05\/reittiehdotus-216x300.png\" alt=\"Rail Planner -sovelluksen ruutukaappaus\" class=\"wp-image-10\" srcset=\"https:\/\/juhani.iki.fi\/euroopan-halki-2019\/wp-content\/uploads\/2019\/05\/reittiehdotus-216x300.png 216w, https:\/\/juhani.iki.fi\/euroopan-halki-2019\/wp-content\/uploads\/2019\/05\/reittiehdotus.png 720w\" sizes=\"(max-width: 216px) 100vw, 216px\" \/><\/a><figcaption>Yksi Rail Planner -sovelluksen reittiehdotus Tampereelta Etel\u00e4-Portugaliin. Valitsimme <a href=\"https:\/\/juhani.iki.fi\/euroopan-halki-2019\/reitti\/\" title=\"Reitti Tampereelta Etel\u00e4-Portugaliin\">eri reitin<\/a>.<\/figcaption><\/figure><\/div>\n\n\n\n<p>Ty\u00f6l\u00e4int\u00e4 oli p\u00e4\u00e4tt\u00e4\u00e4 mit\u00e4 reitti\u00e4 kulkisimme ja lippujen ostaminen. P\u00e4\u00e4dyimme hankkimaan tavallisia junalippuja, mutta seuraavalla kerralla k\u00e4yt\u00e4mme Interrail-lippuja, emmek\u00e4 ahnehdi yht\u00e4 pitk\u00e4\u00e4 reitti\u00e4. Ei t\u00e4m\u00e4k\u00e4\u00e4n ollut liian raskasta, mutta hienoja paikkoja l\u00f6ytyy n\u00e4k\u00f6j\u00e4\u00e4n l\u00e4hemp\u00e4\u00e4kin. Samalla lyhyempi matka tulee halvemmaksi eik\u00e4 vie yht\u00e4 isoa osaa kes\u00e4lomasta.<\/p>\n\n\n\n<p>Junamatkustusvinkkej\u00e4 t\u00e4nne ei v\u00e4ltt\u00e4m\u00e4tt\u00e4 tule sen enemp\u00e4\u00e4 kuin mit\u00e4 t\u00e4\u00e4ll\u00e4 on nyt: yksi mahdollinen <a href=\"http:\/\/juhani.iki.fi\/euroopan-halki-2019\/reitti\/\"><strong>reitti<\/strong> Tukholmasta Sveitsin kautta Portugaliin<\/a> tarkkoine junavuoroineen ja <a href=\"http:\/\/juhani.iki.fi\/euroopan-halki-2019\/lautapeleja-junamatkalle\/\">katsaus hyviksi todettuihin <strong>lautapeleihin<\/strong><\/a>, joita on kiva pelata junassa. <a href=\"https:\/\/www.seat61.com\/\">Seat61.com<\/a>, <a href=\"https:\/\/maatapitkin.net\/\">maatapitkin.net<\/a> ja Facebook-ryhm\u00e4 <a href=\"https:\/\/www.facebook.com\/groups\/867083580048037\/\">Maata pitkin matkustavat<\/a> hoitavat sen homman jo hyvin. <\/p>\n\n\n\n<p>Laitoimme matkan aikana kuvia Instagramiin ja rajatummalle joukolle Facebookiin, mink\u00e4 lis\u00e4ksi niist\u00e4 koostetaan ehk\u00e4 aikanaan kokoelma t\u00e4nnekin. Instagramissa t\u00e4h\u00e4n matkaan liittyv\u00e4t kuvat on merkitty aihetunnisteella <a href=\"https:\/\/www.instagram.com\/explore\/tags\/anttiloidengrandtour2019\/\">#anttiloidenrandtour2019<\/a> \u2013 kannattaa katsoa &#8221;viimeisimm\u00e4t&#8221;, niin n\u00e4kee kaikki julkaisut aikaj\u00e4rjestyksess\u00e4.<\/p>\n","protected":false},"excerpt":{"rendered":"<p>Er\u00e4\u00e4n perheen matka Euroopan halki koillisesta lounaaseen (Sveitsin ja Pohjois-Italian kautta).<\/p>\n","protected":false},"author":1,"featured_media":420,"parent":0,"menu_order":0,"comment_status":"closed","ping_status":"closed","template":"","meta":{"Layout":""},"aioseo_notices":[],"_links":{"self":[{"href":"https:\/\/juhani.iki.fi\/euroopan-halki-2019\/wp-json\/wp\/v2\/pages\/135"}],"collection":[{"href":"https:\/\/juhani.iki.fi\/euroopan-halki-2019\/wp-json\/wp\/v2\/pages"}],"about":[{"href":"https:\/\/juhani.iki.fi\/euroopan-halki-2019\/wp-json\/wp\/v2\/types\/page"}],"author":[{"embeddable":true,"href":"https:\/\/juhani.iki.fi\/euroopan-halki-2019\/wp-json\/wp\/v2\/users\/1"}],"replies":[{"embeddable":true,"href":"https:\/\/juhani.iki.fi\/euroopan-halki-2019\/wp-json\/wp\/v2\/comments?post=135"}],"version-history":[{"count":39,"href":"https:\/\/juhani.iki.fi\/euroopan-halki-2019\/wp-json\/wp\/v2\/pages\/135\/revisions"}],"predecessor-version":[{"id":741,"href":"https:\/\/juhani.iki.fi\/euroopan-halki-2019\/wp-json\/wp\/v2\/pages\/135\/revisions\/741"}],"wp:featuredmedia":[{"embeddable":true,"href":"https:\/\/juhani.iki.fi\/euroopan-halki-2019\/wp-json\/wp\/v2\/media\/420"}],"wp:attachment":[{"href":"https:\/\/juhani.iki.fi\/euroopan-halki-2019\/wp-json\/wp\/v2\/media?parent=135"}],"curies":[{"name":"wp","href":"https:\/\/api.w.org\/{rel}","templated":true}]}}