{"id":822,"date":"2022-04-10T22:41:41","date_gmt":"2022-04-10T19:41:41","guid":{"rendered":"https:\/\/juhani.iki.fi\/euroopan-halki-2019\/?page_id=822"},"modified":"2022-04-12T08:11:44","modified_gmt":"2022-04-12T05:11:44","slug":"board-games-on-a-train","status":"publish","type":"page","link":"https:\/\/juhani.iki.fi\/euroopan-halki-2019\/board-games-on-a-train\/","title":{"rendered":"Board games on a train"},"content":{"rendered":"\n<p>This article contains images of board games played on a long railroad trip from Stockholm to Lissabon in 2019. <a href=\"https:\/\/juhani.iki.fi\/euroopan-halki-2019\/lautapeleja-junamatkalle\/\" title=\"Lautapelit junamatkalla\">A more detailed version (with the same images) is available in Finnish<\/a>. At the end of this article there is a <a href=\"#finnish-trains\">list of different tables in Finnish trains<\/a>.<\/p>\n\n\n\n<figure class=\"wp-block-image\"><img decoding=\"async\" loading=\"lazy\" width=\"900\" height=\"675\" src=\"https:\/\/juhani.iki.fi\/euroopan-halki-2019\/wp-content\/uploads\/Azul-junassa.jpg\" alt=\"Azul-peli\u00e4 nelj\u00e4ll\u00e4 pelaajalla.\" class=\"wp-image-255\" srcset=\"https:\/\/juhani.iki.fi\/euroopan-halki-2019\/wp-content\/uploads\/Azul-junassa.jpg 900w, https:\/\/juhani.iki.fi\/euroopan-halki-2019\/wp-content\/uploads\/Azul-junassa-300x225.jpg 300w, https:\/\/juhani.iki.fi\/euroopan-halki-2019\/wp-content\/uploads\/Azul-junassa-768x576.jpg 768w, https:\/\/juhani.iki.fi\/euroopan-halki-2019\/wp-content\/uploads\/Azul-junassa-175x131.jpg 175w, https:\/\/juhani.iki.fi\/euroopan-halki-2019\/wp-content\/uploads\/Azul-junassa-667x500.jpg 667w\" sizes=\"(max-width: 900px) 100vw, 900px\" \/><figcaption>In Danish trains all the seats were around a table. This table was just big enough for the game Azul.<\/figcaption><\/figure>\n\n\n\n<figure class=\"wp-block-image\"><img decoding=\"async\" loading=\"lazy\" width=\"900\" height=\"665\" src=\"https:\/\/juhani.iki.fi\/euroopan-halki-2019\/wp-content\/uploads\/Hnefatafl-junassa.jpg\" alt=\"Hnefatafl-peliss\u00e4 mustan vuoro hy\u00f6k\u00e4t\u00e4.\" class=\"wp-image-244\" srcset=\"https:\/\/juhani.iki.fi\/euroopan-halki-2019\/wp-content\/uploads\/Hnefatafl-junassa.jpg 900w, https:\/\/juhani.iki.fi\/euroopan-halki-2019\/wp-content\/uploads\/Hnefatafl-junassa-300x222.jpg 300w, https:\/\/juhani.iki.fi\/euroopan-halki-2019\/wp-content\/uploads\/Hnefatafl-junassa-768x567.jpg 768w, https:\/\/juhani.iki.fi\/euroopan-halki-2019\/wp-content\/uploads\/Hnefatafl-junassa-677x500.jpg 677w\" sizes=\"(max-width: 900px) 100vw, 900px\" \/><figcaption>Hnefatafl<\/figcaption><\/figure>\n\n\n\n<figure class=\"wp-block-image\"><img decoding=\"async\" loading=\"lazy\" width=\"900\" height=\"675\" src=\"https:\/\/juhani.iki.fi\/euroopan-halki-2019\/wp-content\/uploads\/Catan-junassa.jpg\" alt=\"Catan-pelilauta p\u00f6yd\u00e4ll\u00e4 kuuden hengen osastossa.\" class=\"wp-image-460\" srcset=\"https:\/\/juhani.iki.fi\/euroopan-halki-2019\/wp-content\/uploads\/Catan-junassa.jpg 900w, https:\/\/juhani.iki.fi\/euroopan-halki-2019\/wp-content\/uploads\/Catan-junassa-300x225.jpg 300w, https:\/\/juhani.iki.fi\/euroopan-halki-2019\/wp-content\/uploads\/Catan-junassa-768x576.jpg 768w, https:\/\/juhani.iki.fi\/euroopan-halki-2019\/wp-content\/uploads\/Catan-junassa-175x131.jpg 175w, https:\/\/juhani.iki.fi\/euroopan-halki-2019\/wp-content\/uploads\/Catan-junassa-667x500.jpg 667w\" sizes=\"(max-width: 900px) 100vw, 900px\" \/><figcaption>Teaching Catan to a stranger who joined our game<\/figcaption><\/figure>\n\n\n\n<figure class=\"wp-block-image\"><img decoding=\"async\" loading=\"lazy\" width=\"900\" height=\"675\" src=\"https:\/\/juhani.iki.fi\/euroopan-halki-2019\/wp-content\/uploads\/Catan-nopat.jpg\" alt=\"Noppien heittoa Catan-peliss\u00e4.\" class=\"wp-image-458\" srcset=\"https:\/\/juhani.iki.fi\/euroopan-halki-2019\/wp-content\/uploads\/Catan-nopat.jpg 900w, https:\/\/juhani.iki.fi\/euroopan-halki-2019\/wp-content\/uploads\/Catan-nopat-300x225.jpg 300w, https:\/\/juhani.iki.fi\/euroopan-halki-2019\/wp-content\/uploads\/Catan-nopat-768x576.jpg 768w, https:\/\/juhani.iki.fi\/euroopan-halki-2019\/wp-content\/uploads\/Catan-nopat-175x131.jpg 175w, https:\/\/juhani.iki.fi\/euroopan-halki-2019\/wp-content\/uploads\/Catan-nopat-667x500.jpg 667w\" sizes=\"(max-width: 900px) 100vw, 900px\" \/><figcaption>Just enough room for rolling the dice<\/figcaption><\/figure>\n\n\n\n<figure class=\"wp-block-image\"><img decoding=\"async\" loading=\"lazy\" width=\"720\" height=\"900\" src=\"https:\/\/juhani.iki.fi\/euroopan-halki-2019\/wp-content\/uploads\/Carcassonne-junassa.jpg\" alt=\"Carcassonnen peruspeli ja lis\u00e4osien laattoja junan p\u00f6yd\u00e4ll\u00e4.\" class=\"wp-image-245\" srcset=\"https:\/\/juhani.iki.fi\/euroopan-halki-2019\/wp-content\/uploads\/Carcassonne-junassa.jpg 720w, https:\/\/juhani.iki.fi\/euroopan-halki-2019\/wp-content\/uploads\/Carcassonne-junassa-240x300.jpg 240w, https:\/\/juhani.iki.fi\/euroopan-halki-2019\/wp-content\/uploads\/Carcassonne-junassa-400x500.jpg 400w\" sizes=\"(max-width: 720px) 100vw, 720px\" \/><figcaption>Carcassonne with some expansions (not every expansion we had)<\/figcaption><\/figure>\n\n\n\n<figure class=\"wp-block-image\"><img decoding=\"async\" loading=\"lazy\" width=\"900\" height=\"369\" src=\"https:\/\/juhani.iki.fi\/euroopan-halki-2019\/wp-content\/uploads\/Munchkin-junassa-levelit-tikuilla.jpg\" alt=\"Munchkin-peli tanskalaisen EC-junan p\u00f6yd\u00e4ll\u00e4, levelit merkittyn\u00e4 puutikuilla.\" class=\"wp-image-263\" srcset=\"https:\/\/juhani.iki.fi\/euroopan-halki-2019\/wp-content\/uploads\/Munchkin-junassa-levelit-tikuilla.jpg 900w, https:\/\/juhani.iki.fi\/euroopan-halki-2019\/wp-content\/uploads\/Munchkin-junassa-levelit-tikuilla-300x123.jpg 300w, https:\/\/juhani.iki.fi\/euroopan-halki-2019\/wp-content\/uploads\/Munchkin-junassa-levelit-tikuilla-768x315.jpg 768w\" sizes=\"(max-width: 900px) 100vw, 900px\" \/><figcaption>Playing Munchkin with small wooden sticks as level markers<\/figcaption><\/figure>\n\n\n\n<figure class=\"wp-block-image\"><img decoding=\"async\" loading=\"lazy\" width=\"900\" height=\"533\" src=\"https:\/\/juhani.iki.fi\/euroopan-halki-2019\/wp-content\/uploads\/Munchkin-junassa-levelit-Azul-laatoilla.jpg\" alt=\"Munchkin l\u00e4hell\u00e4 loppua. Levelit merkitty Azul-pelin laatoilla.\" class=\"wp-image-262\" srcset=\"https:\/\/juhani.iki.fi\/euroopan-halki-2019\/wp-content\/uploads\/Munchkin-junassa-levelit-Azul-laatoilla.jpg 900w, https:\/\/juhani.iki.fi\/euroopan-halki-2019\/wp-content\/uploads\/Munchkin-junassa-levelit-Azul-laatoilla-300x178.jpg 300w, https:\/\/juhani.iki.fi\/euroopan-halki-2019\/wp-content\/uploads\/Munchkin-junassa-levelit-Azul-laatoilla-768x455.jpg 768w, https:\/\/juhani.iki.fi\/euroopan-halki-2019\/wp-content\/uploads\/Munchkin-junassa-levelit-Azul-laatoilla-844x500.jpg 844w\" sizes=\"(max-width: 900px) 100vw, 900px\" \/><figcaption>Playing Munchkin with Azul tiles as level markers<\/figcaption><\/figure>\n\n\n\n<figure class=\"wp-block-image\"><img decoding=\"async\" loading=\"lazy\" width=\"900\" height=\"664\" src=\"https:\/\/juhani.iki.fi\/euroopan-halki-2019\/wp-content\/uploads\/Munchkin-kortteja.jpg\" alt=\"Munchkin-kortteja.\" class=\"wp-image-261\" srcset=\"https:\/\/juhani.iki.fi\/euroopan-halki-2019\/wp-content\/uploads\/Munchkin-kortteja.jpg 900w, https:\/\/juhani.iki.fi\/euroopan-halki-2019\/wp-content\/uploads\/Munchkin-kortteja-300x221.jpg 300w, https:\/\/juhani.iki.fi\/euroopan-halki-2019\/wp-content\/uploads\/Munchkin-kortteja-768x567.jpg 768w, https:\/\/juhani.iki.fi\/euroopan-halki-2019\/wp-content\/uploads\/Munchkin-kortteja-678x500.jpg 678w\" sizes=\"(max-width: 900px) 100vw, 900px\" \/><figcaption>Saving space by piling cards<\/figcaption><\/figure>\n\n\n\n<figure class=\"wp-block-image\"><img decoding=\"async\" loading=\"lazy\" width=\"900\" height=\"675\" src=\"https:\/\/juhani.iki.fi\/euroopan-halki-2019\/wp-content\/uploads\/Port-Royal-junassa.jpg\" alt=\"Port Royal -yhteisty\u00f6peli junan p\u00f6yd\u00e4ll\u00e4.\" class=\"wp-image-258\" srcset=\"https:\/\/juhani.iki.fi\/euroopan-halki-2019\/wp-content\/uploads\/Port-Royal-junassa.jpg 900w, https:\/\/juhani.iki.fi\/euroopan-halki-2019\/wp-content\/uploads\/Port-Royal-junassa-300x225.jpg 300w, https:\/\/juhani.iki.fi\/euroopan-halki-2019\/wp-content\/uploads\/Port-Royal-junassa-768x576.jpg 768w, https:\/\/juhani.iki.fi\/euroopan-halki-2019\/wp-content\/uploads\/Port-Royal-junassa-175x131.jpg 175w, https:\/\/juhani.iki.fi\/euroopan-halki-2019\/wp-content\/uploads\/Port-Royal-junassa-667x500.jpg 667w\" sizes=\"(max-width: 900px) 100vw, 900px\" \/><figcaption>Port Royal (with an expansion)<\/figcaption><\/figure>\n\n\n\n<figure class=\"wp-block-image\"><img decoding=\"async\" loading=\"lazy\" width=\"678\" height=\"900\" src=\"https:\/\/juhani.iki.fi\/euroopan-halki-2019\/wp-content\/uploads\/Port-Royal-junassa-keskikokoisella-poydalla.jpg\" alt=\"Port Royal ja lis\u00e4osa keskikokoisella junan p\u00f6yd\u00e4ll\u00e4.\" class=\"wp-image-251\" srcset=\"https:\/\/juhani.iki.fi\/euroopan-halki-2019\/wp-content\/uploads\/Port-Royal-junassa-keskikokoisella-poydalla.jpg 678w, https:\/\/juhani.iki.fi\/euroopan-halki-2019\/wp-content\/uploads\/Port-Royal-junassa-keskikokoisella-poydalla-226x300.jpg 226w, https:\/\/juhani.iki.fi\/euroopan-halki-2019\/wp-content\/uploads\/Port-Royal-junassa-keskikokoisella-poydalla-377x500.jpg 377w\" sizes=\"(max-width: 678px) 100vw, 678px\" \/><figcaption>Port Royal on a German table<\/figcaption><\/figure>\n\n\n\n<figure class=\"wp-block-image\"><img decoding=\"async\" loading=\"lazy\" width=\"646\" height=\"900\" src=\"https:\/\/juhani.iki.fi\/euroopan-halki-2019\/wp-content\/uploads\/Port-Royal-yksinpeli.jpg\" alt=\"Port Royal -yksinpeli.\" class=\"wp-image-250\" srcset=\"https:\/\/juhani.iki.fi\/euroopan-halki-2019\/wp-content\/uploads\/Port-Royal-yksinpeli.jpg 646w, https:\/\/juhani.iki.fi\/euroopan-halki-2019\/wp-content\/uploads\/Port-Royal-yksinpeli-215x300.jpg 215w, https:\/\/juhani.iki.fi\/euroopan-halki-2019\/wp-content\/uploads\/Port-Royal-yksinpeli-359x500.jpg 359w\" sizes=\"(max-width: 646px) 100vw, 646px\" \/><figcaption>Playing Port Royal as a single player game (on a French TGV train)<\/figcaption><\/figure>\n\n\n\n<figure class=\"wp-block-image\"><img decoding=\"async\" loading=\"lazy\" width=\"900\" height=\"675\" src=\"https:\/\/juhani.iki.fi\/euroopan-halki-2019\/wp-content\/uploads\/Dale-of-Merchants-kaksinpeli-junassa.jpg\" alt=\"Dale of Merchants -kaksinpeli junassa.\" class=\"wp-image-249\" srcset=\"https:\/\/juhani.iki.fi\/euroopan-halki-2019\/wp-content\/uploads\/Dale-of-Merchants-kaksinpeli-junassa.jpg 900w, https:\/\/juhani.iki.fi\/euroopan-halki-2019\/wp-content\/uploads\/Dale-of-Merchants-kaksinpeli-junassa-300x225.jpg 300w, https:\/\/juhani.iki.fi\/euroopan-halki-2019\/wp-content\/uploads\/Dale-of-Merchants-kaksinpeli-junassa-768x576.jpg 768w, https:\/\/juhani.iki.fi\/euroopan-halki-2019\/wp-content\/uploads\/Dale-of-Merchants-kaksinpeli-junassa-175x131.jpg 175w, https:\/\/juhani.iki.fi\/euroopan-halki-2019\/wp-content\/uploads\/Dale-of-Merchants-kaksinpeli-junassa-667x500.jpg 667w\" sizes=\"(max-width: 900px) 100vw, 900px\" \/><figcaption>Playing Dale of Merchants with two players in Spain<\/figcaption><\/figure>\n\n\n\n<figure class=\"wp-block-image\"><img decoding=\"async\" src=\"https:\/\/juhani.iki.fi\/euroopan-halki-2019\/wp-content\/uploads\/Dale-of-Merchants-nelinpeli-junassa.jpg\" alt=\"Dale of Merchants -nelinpeli.\" class=\"wp-image-346\"\/><figcaption>Playing Dale of Merchants with four players in France<\/figcaption><\/figure>\n\n\n\n<figure class=\"wp-block-image\"><img decoding=\"async\" loading=\"lazy\" width=\"900\" height=\"675\" src=\"https:\/\/juhani.iki.fi\/euroopan-halki-2019\/wp-content\/uploads\/Pokeri-junassa-rahana-Port-Royal-kultarahat.jpg\" alt=\"Pokerissa rahana Port Royal -pelin kultakolikot.\" class=\"wp-image-246\" srcset=\"https:\/\/juhani.iki.fi\/euroopan-halki-2019\/wp-content\/uploads\/Pokeri-junassa-rahana-Port-Royal-kultarahat.jpg 900w, https:\/\/juhani.iki.fi\/euroopan-halki-2019\/wp-content\/uploads\/Pokeri-junassa-rahana-Port-Royal-kultarahat-300x225.jpg 300w, https:\/\/juhani.iki.fi\/euroopan-halki-2019\/wp-content\/uploads\/Pokeri-junassa-rahana-Port-Royal-kultarahat-768x576.jpg 768w, https:\/\/juhani.iki.fi\/euroopan-halki-2019\/wp-content\/uploads\/Pokeri-junassa-rahana-Port-Royal-kultarahat-175x131.jpg 175w, https:\/\/juhani.iki.fi\/euroopan-halki-2019\/wp-content\/uploads\/Pokeri-junassa-rahana-Port-Royal-kultarahat-667x500.jpg 667w\" sizes=\"(max-width: 900px) 100vw, 900px\" \/><figcaption>Playing Poker in Monaco (while travelling from Milano to Marseille) using &#8221;gold coins&#8221; from the game Port Royal<\/figcaption><\/figure>\n\n\n\n<h2>Packing tight<\/h2>\n\n\n\n<figure class=\"wp-block-image\"><img decoding=\"async\" loading=\"lazy\" width=\"900\" height=\"900\" src=\"https:\/\/juhani.iki.fi\/euroopan-halki-2019\/wp-content\/uploads\/Azul-Munchkin-Hnefatafl.jpg\" alt=\"Monta peli\u00e4 sis\u00e4kk\u00e4in samassa laatikossa.\" class=\"wp-image-256\" srcset=\"https:\/\/juhani.iki.fi\/euroopan-halki-2019\/wp-content\/uploads\/Azul-Munchkin-Hnefatafl.jpg 900w, https:\/\/juhani.iki.fi\/euroopan-halki-2019\/wp-content\/uploads\/Azul-Munchkin-Hnefatafl-150x150.jpg 150w, https:\/\/juhani.iki.fi\/euroopan-halki-2019\/wp-content\/uploads\/Azul-Munchkin-Hnefatafl-300x300.jpg 300w, https:\/\/juhani.iki.fi\/euroopan-halki-2019\/wp-content\/uploads\/Azul-Munchkin-Hnefatafl-768x768.jpg 768w, https:\/\/juhani.iki.fi\/euroopan-halki-2019\/wp-content\/uploads\/Azul-Munchkin-Hnefatafl-500x500.jpg 500w\" sizes=\"(max-width: 900px) 100vw, 900px\" \/><figcaption>One bigger box containing four different games: Azul, Hnefatafl, Munchkin and Haaste<\/figcaption><\/figure>\n\n\n\n<figure class=\"wp-block-image\"><img decoding=\"async\" loading=\"lazy\" width=\"877\" height=\"900\" src=\"https:\/\/juhani.iki.fi\/euroopan-halki-2019\/wp-content\/uploads\/Munchkin-laatikossa-matka-Haaste.jpg\" alt=\"Munchkin-laatikon sis\u00e4ll\u00e4 matka-Haaste ja sen tiimalasi.\" class=\"wp-image-257\" srcset=\"https:\/\/juhani.iki.fi\/euroopan-halki-2019\/wp-content\/uploads\/Munchkin-laatikossa-matka-Haaste.jpg 877w, https:\/\/juhani.iki.fi\/euroopan-halki-2019\/wp-content\/uploads\/Munchkin-laatikossa-matka-Haaste-292x300.jpg 292w, https:\/\/juhani.iki.fi\/euroopan-halki-2019\/wp-content\/uploads\/Munchkin-laatikossa-matka-Haaste-768x788.jpg 768w, https:\/\/juhani.iki.fi\/euroopan-halki-2019\/wp-content\/uploads\/Munchkin-laatikossa-matka-Haaste-487x500.jpg 487w\" sizes=\"(max-width: 877px) 100vw, 877px\" \/><figcaption>The Munchkin&#8217;s box containing also the card game Haaste<\/figcaption><\/figure>\n\n\n\n<figure class=\"wp-block-image\"><img decoding=\"async\" loading=\"lazy\" width=\"678\" height=\"900\" src=\"https:\/\/juhani.iki.fi\/euroopan-halki-2019\/wp-content\/uploads\/Catan-pikkulaatikossa.jpg\" alt=\"Catan-peruspeli pakattuna 5-6 pelaajan lis\u00e4osan laatikkoon.\" class=\"wp-image-254\" srcset=\"https:\/\/juhani.iki.fi\/euroopan-halki-2019\/wp-content\/uploads\/Catan-pikkulaatikossa.jpg 678w, https:\/\/juhani.iki.fi\/euroopan-halki-2019\/wp-content\/uploads\/Catan-pikkulaatikossa-226x300.jpg 226w, https:\/\/juhani.iki.fi\/euroopan-halki-2019\/wp-content\/uploads\/Catan-pikkulaatikossa-377x500.jpg 377w\" sizes=\"(max-width: 678px) 100vw, 678px\" \/><figcaption>The regular Catan game packed inside an expansion&#8217;s box<\/figcaption><\/figure>\n\n\n\n<figure class=\"wp-block-image\"><img decoding=\"async\" loading=\"lazy\" width=\"900\" height=\"654\" src=\"https:\/\/juhani.iki.fi\/euroopan-halki-2019\/wp-content\/uploads\/Carcassonne-ja-laajennukset-pakattuna-yhteen-laatikkoon.jpg\" alt=\"Yhdess\u00e4 tavallisessa Carcassonne-laatikossa v\u00e4liseinin eroteltuna kaksi peruspeli\u00e4 ja useita lis\u00e4osia.\" class=\"wp-image-310\" srcset=\"https:\/\/juhani.iki.fi\/euroopan-halki-2019\/wp-content\/uploads\/Carcassonne-ja-laajennukset-pakattuna-yhteen-laatikkoon.jpg 900w, https:\/\/juhani.iki.fi\/euroopan-halki-2019\/wp-content\/uploads\/Carcassonne-ja-laajennukset-pakattuna-yhteen-laatikkoon-300x218.jpg 300w, https:\/\/juhani.iki.fi\/euroopan-halki-2019\/wp-content\/uploads\/Carcassonne-ja-laajennukset-pakattuna-yhteen-laatikkoon-768x558.jpg 768w, https:\/\/juhani.iki.fi\/euroopan-halki-2019\/wp-content\/uploads\/Carcassonne-ja-laajennukset-pakattuna-yhteen-laatikkoon-688x500.jpg 688w\" sizes=\"(max-width: 900px) 100vw, 900px\" \/><figcaption>Carcassonne with several expansions fitted inside the base game&#8217;s box<\/figcaption><\/figure>\n\n\n\n<h2 id=\"finnish-trains\">Tables in Finnish trains<\/h2>\n\n\n\n<p>Unfortunately the small table in the last picture is the most common one in Finnish trains and you can&#8217;t tell in advance what kind of tables there are on the train. <\/p>\n\n\n\n<p>However, you can be sure to get a better &#8221;gray table&#8221; if you book your seat in the compartment for pets. (You can do it even without a pet, it&#8217;s perfectly ok.) <\/p>\n\n\n\n<p>The restaurant car&#8217;s upper deck has similar (light brown) tables but there is an extra fee for those seats.<\/p>\n\n\n\n<figure class=\"is-layout-flex wp-block-gallery-1 wp-block-gallery has-nested-images columns-default is-cropped\">\n<figure class=\"wp-block-image size-large\"><img decoding=\"async\" loading=\"lazy\" width=\"900\" height=\"675\" data-id=\"547\"  src=\"http:\/\/juhani.iki.fi\/euroopan-halki-2019\/wp-content\/uploads\/harmaa-ei-renkaita.jpg\" alt=\"\" class=\"wp-image-547\" srcset=\"https:\/\/juhani.iki.fi\/euroopan-halki-2019\/wp-content\/uploads\/harmaa-ei-renkaita.jpg 900w, https:\/\/juhani.iki.fi\/euroopan-halki-2019\/wp-content\/uploads\/harmaa-ei-renkaita-300x225.jpg 300w, https:\/\/juhani.iki.fi\/euroopan-halki-2019\/wp-content\/uploads\/harmaa-ei-renkaita-768x576.jpg 768w, https:\/\/juhani.iki.fi\/euroopan-halki-2019\/wp-content\/uploads\/harmaa-ei-renkaita-175x131.jpg 175w, https:\/\/juhani.iki.fi\/euroopan-halki-2019\/wp-content\/uploads\/harmaa-ei-renkaita-667x500.jpg 667w\" sizes=\"(max-width: 900px) 100vw, 900px\" \/><figcaption>The gray table<\/figcaption><\/figure>\n\n\n\n<figure class=\"wp-block-image size-large\"><img decoding=\"async\" loading=\"lazy\" width=\"900\" height=\"675\" data-id=\"548\"  src=\"https:\/\/juhani.iki.fi\/euroopan-halki-2019\/wp-content\/uploads\/harmaa-renkailla.jpg\" alt=\"\" class=\"wp-image-548\" srcset=\"https:\/\/juhani.iki.fi\/euroopan-halki-2019\/wp-content\/uploads\/harmaa-renkailla.jpg 900w, https:\/\/juhani.iki.fi\/euroopan-halki-2019\/wp-content\/uploads\/harmaa-renkailla-300x225.jpg 300w, https:\/\/juhani.iki.fi\/euroopan-halki-2019\/wp-content\/uploads\/harmaa-renkailla-768x576.jpg 768w, https:\/\/juhani.iki.fi\/euroopan-halki-2019\/wp-content\/uploads\/harmaa-renkailla-175x131.jpg 175w, https:\/\/juhani.iki.fi\/euroopan-halki-2019\/wp-content\/uploads\/harmaa-renkailla-667x500.jpg 667w\" sizes=\"(max-width: 900px) 100vw, 900px\" \/><figcaption>The gray table with coasters<\/figcaption><\/figure>\n\n\n\n<figure class=\"wp-block-image size-large\"><img decoding=\"async\" loading=\"lazy\" width=\"900\" height=\"675\" data-id=\"549\"  src=\"https:\/\/juhani.iki.fi\/euroopan-halki-2019\/wp-content\/uploads\/harmaa-renkailla-avattu.jpg\" alt=\"\" class=\"wp-image-549\" srcset=\"https:\/\/juhani.iki.fi\/euroopan-halki-2019\/wp-content\/uploads\/harmaa-renkailla-avattu.jpg 900w, https:\/\/juhani.iki.fi\/euroopan-halki-2019\/wp-content\/uploads\/harmaa-renkailla-avattu-300x225.jpg 300w, https:\/\/juhani.iki.fi\/euroopan-halki-2019\/wp-content\/uploads\/harmaa-renkailla-avattu-768x576.jpg 768w, https:\/\/juhani.iki.fi\/euroopan-halki-2019\/wp-content\/uploads\/harmaa-renkailla-avattu-175x131.jpg 175w, https:\/\/juhani.iki.fi\/euroopan-halki-2019\/wp-content\/uploads\/harmaa-renkailla-avattu-667x500.jpg 667w\" sizes=\"(max-width: 900px) 100vw, 900px\" \/><figcaption>The gray table opened<\/figcaption><\/figure>\n\n\n\n<figure class=\"wp-block-image size-large\"><img decoding=\"async\" loading=\"lazy\" width=\"900\" height=\"675\" data-id=\"550\"  src=\"https:\/\/juhani.iki.fi\/euroopan-halki-2019\/wp-content\/uploads\/ravintolavaunun-ylakerta-avattu.jpg\" alt=\"\" class=\"wp-image-550\" srcset=\"https:\/\/juhani.iki.fi\/euroopan-halki-2019\/wp-content\/uploads\/ravintolavaunun-ylakerta-avattu.jpg 900w, https:\/\/juhani.iki.fi\/euroopan-halki-2019\/wp-content\/uploads\/ravintolavaunun-ylakerta-avattu-300x225.jpg 300w, https:\/\/juhani.iki.fi\/euroopan-halki-2019\/wp-content\/uploads\/ravintolavaunun-ylakerta-avattu-768x576.jpg 768w, https:\/\/juhani.iki.fi\/euroopan-halki-2019\/wp-content\/uploads\/ravintolavaunun-ylakerta-avattu-175x131.jpg 175w, https:\/\/juhani.iki.fi\/euroopan-halki-2019\/wp-content\/uploads\/ravintolavaunun-ylakerta-avattu-667x500.jpg 667w\" sizes=\"(max-width: 900px) 100vw, 900px\" \/><figcaption>The light brown table<\/figcaption><\/figure>\n\n\n\n<figure class=\"wp-block-image size-large\"><img decoding=\"async\" loading=\"lazy\" width=\"900\" height=\"675\" data-id=\"551\"  src=\"https:\/\/juhani.iki.fi\/euroopan-halki-2019\/wp-content\/uploads\/vr-kapea.jpg\" alt=\"\" class=\"wp-image-551\" srcset=\"https:\/\/juhani.iki.fi\/euroopan-halki-2019\/wp-content\/uploads\/vr-kapea.jpg 900w, https:\/\/juhani.iki.fi\/euroopan-halki-2019\/wp-content\/uploads\/vr-kapea-300x225.jpg 300w, https:\/\/juhani.iki.fi\/euroopan-halki-2019\/wp-content\/uploads\/vr-kapea-768x576.jpg 768w, https:\/\/juhani.iki.fi\/euroopan-halki-2019\/wp-content\/uploads\/vr-kapea-175x131.jpg 175w, https:\/\/juhani.iki.fi\/euroopan-halki-2019\/wp-content\/uploads\/vr-kapea-667x500.jpg 667w\" sizes=\"(max-width: 900px) 100vw, 900px\" \/><figcaption>The small table<\/figcaption><\/figure>\n<\/figure>\n\n\n\n<p>Check out <a href=\"https:\/\/www.instagram.com\/explore\/tags\/lautapelitjunassa\/\"><strong>#lautapelitjunassa<\/strong> on Instagram<\/a> (Finnish for &#8221;board games on a train&#8221;) for more pictures of finnish train tables with board games on them.<\/p>\n","protected":false},"excerpt":{"rendered":"<p>This article contains images of board games played on a long railroad trip from Stockholm to Lissabon in 2019. A more detailed version (with the same images) is available in <a href=\"https:\/\/juhani.iki.fi\/euroopan-halki-2019\/board-games-on-a-train\/\" class=\"more-link\">[&hellip;]<\/a><\/p>\n","protected":false},"author":1,"featured_media":0,"parent":0,"menu_order":0,"comment_status":"closed","ping_status":"closed","template":"","meta":{"Layout":""},"aioseo_notices":[],"_links":{"self":[{"href":"https:\/\/juhani.iki.fi\/euroopan-halki-2019\/wp-json\/wp\/v2\/pages\/822"}],"collection":[{"href":"https:\/\/juhani.iki.fi\/euroopan-halki-2019\/wp-json\/wp\/v2\/pages"}],"about":[{"href":"https:\/\/juhani.iki.fi\/euroopan-halki-2019\/wp-json\/wp\/v2\/types\/page"}],"author":[{"embeddable":true,"href":"https:\/\/juhani.iki.fi\/euroopan-halki-2019\/wp-json\/wp\/v2\/users\/1"}],"replies":[{"embeddable":true,"href":"https:\/\/juhani.iki.fi\/euroopan-halki-2019\/wp-json\/wp\/v2\/comments?post=822"}],"version-history":[{"count":11,"href":"https:\/\/juhani.iki.fi\/euroopan-halki-2019\/wp-json\/wp\/v2\/pages\/822\/revisions"}],"predecessor-version":[{"id":840,"href":"https:\/\/juhani.iki.fi\/euroopan-halki-2019\/wp-json\/wp\/v2\/pages\/822\/revisions\/840"}],"wp:attachment":[{"href":"https:\/\/juhani.iki.fi\/euroopan-halki-2019\/wp-json\/wp\/v2\/media?parent=822"}],"curies":[{"name":"wp","href":"https:\/\/api.w.org\/{rel}","templated":true}]}}